{"id":253,"date":"2023-08-25T13:10:29","date_gmt":"2023-08-25T11:10:29","guid":{"rendered":"https:\/\/importanne.mondoit.de\/?post_type=mec-events&#038;p=253"},"modified":"2023-09-06T13:16:45","modified_gmt":"2023-09-06T11:16:45","slug":"cm-shop-fest-svakog-petka","status":"publish","type":"mec-events","link":"https:\/\/importanne.ba\/en\/events\/cm-shop-fest-svakog-petka\/","title":{"rendered":"CM Shop Fest \u2013 svakog Petka"},"content":{"rendered":"<p>Slavimo dobre cijene!<\/p>\n<p><a href=\"https:\/\/www.facebook.com\/hashtag\/shopfest?__eep__=6&amp;__cft__%5b0%5d=AZU3VG0esdsH9j0riC4hIK94w19uHY0SJ9maikFRbPiPGS8Jnj7ZG4RxzxCvXLkanQKDYkuSsKQXetpbp46m6LdMcRUE_L6U6vrBCR1d9zRgkGc7iQmdi2x-o-jQYSa-dxM&amp;__tn__=q\" target=\"_blank\" rel=\"noopener\" data-saferedirecturl=\"https:\/\/www.google.com\/url?q=https:\/\/www.facebook.com\/hashtag\/shopfest?__eep__%3D6%26__cft__%255b0%255d%3DAZU3VG0esdsH9j0riC4hIK94w19uHY0SJ9maikFRbPiPGS8Jnj7ZG4RxzxCvXLkanQKDYkuSsKQXetpbp46m6LdMcRUE_L6U6vrBCR1d9zRgkGc7iQmdi2x-o-jQYSa-dxM%26__tn__%3Dq&amp;source=gmail&amp;ust=1694084513576000&amp;usg=AOvVaw2KkUOb4I_aeSeFWDDmADVq\"><strong>#ShopFest<\/strong><\/a>\u00a0u cm-u je mali festival shoppingiranja, a potom na \u0161pici promoviranja!<\/p>\n<p>Doma idemo sa usnama razvu\u010denim u \u0161iroki osmijeh! Posjeti CM u Importanne Centru u periodu od 7.9. do 9.9.2023. kada traje cm ShopFest!<\/p>","protected":false},"excerpt":{"rendered":"<p>Slavimo dobre cijene! #ShopFest\u00a0u cm-u je mali festival shoppingiranja, a potom na \u0161pici promoviranja! Doma idemo sa usnama razvu\u010denim u \u0161iroki osmijeh! Posjeti CM u Importanne Centru u periodu od 7.9. do 9.9.2023. kada traje cm ShopFest!<\/p>","protected":false},"author":1,"featured_media":1608,"comment_status":"closed","ping_status":"closed","template":"","tags":[],"mec_category":[],"class_list":["post-253","mec-events","type-mec-events","status-publish","has-post-thumbnail","hentry"],"yoast_head":"<!-- This site is optimized with the Yoast SEO plugin v21.2 - https:\/\/yoast.com\/wordpress\/plugins\/seo\/ -->\n<title>CM Shop Fest \u2013 svakog Petka - Importanne Centar<\/title>\n<meta name=\"robots\" content=\"index, follow, max-snippet:-1, max-image-preview:large, max-video-preview:-1\" \/>\n<link rel=\"canonical\" href=\"https:\/\/importanne.ba\/en\/events\/cm-shop-fest-svakog-petka\/\" \/>\n<meta property=\"og:locale\" content=\"en_GB\" \/>\n<meta property=\"og:type\" content=\"article\" \/>\n<meta property=\"og:title\" content=\"CM Shop Fest \u2013 svakog Petka - Importanne Centar\" \/>\n<meta property=\"og:description\" content=\"Slavimo dobre cijene! #ShopFest\u00a0u cm-u je mali festival shoppingiranja, a potom na \u0161pici promoviranja! Doma idemo sa usnama razvu\u010denim u \u0161iroki osmijeh! Posjeti CM u Importanne Centru u periodu od 7.9. do 9.9.2023. kada traje cm ShopFest!\" \/>\n<meta property=\"og:url\" content=\"https:\/\/importanne.ba\/en\/events\/cm-shop-fest-svakog-petka\/\" \/>\n<meta property=\"og:site_name\" content=\"Importanne Centar\" \/>\n<meta property=\"article:publisher\" content=\"https:\/\/www.facebook.com\/importannesarajevo\/\" \/>\n<meta property=\"article:modified_time\" content=\"2023-09-06T11:16:45+00:00\" \/>\n<meta property=\"og:image\" content=\"https:\/\/importanne.ba\/wp-content\/uploads\/2023\/08\/375470745_694771829357173_526321439966674157_n-1.jpg\" \/>\n\t<meta property=\"og:image:width\" content=\"1200\" \/>\n\t<meta property=\"og:image:height\" content=\"628\" \/>\n\t<meta property=\"og:image:type\" content=\"image\/jpeg\" \/>\n<meta name=\"twitter:card\" content=\"summary_large_image\" \/>\n<script type=\"application\/ld+json\" class=\"yoast-schema-graph\">{\"@context\":\"https:\/\/schema.org\",\"@graph\":[{\"@type\":\"WebPage\",\"@id\":\"https:\/\/importanne.ba\/events\/cm-shop-fest-svakog-petka\/\",\"url\":\"https:\/\/importanne.ba\/events\/cm-shop-fest-svakog-petka\/\",\"name\":\"CM Shop Fest \u2013 svakog Petka - Importanne Centar\",\"isPartOf\":{\"@id\":\"https:\/\/importanne.ba\/#website\"},\"datePublished\":\"2023-08-25T11:10:29+00:00\",\"dateModified\":\"2023-09-06T11:16:45+00:00\",\"breadcrumb\":{\"@id\":\"https:\/\/importanne.ba\/events\/cm-shop-fest-svakog-petka\/#breadcrumb\"},\"inLanguage\":\"en-GB\",\"potentialAction\":[{\"@type\":\"ReadAction\",\"target\":[\"https:\/\/importanne.ba\/events\/cm-shop-fest-svakog-petka\/\"]}]},{\"@type\":\"BreadcrumbList\",\"@id\":\"https:\/\/importanne.ba\/events\/cm-shop-fest-svakog-petka\/#breadcrumb\",\"itemListElement\":[{\"@type\":\"ListItem\",\"position\":1,\"name\":\"Home\",\"item\":\"https:\/\/importanne.ba\/\"},{\"@type\":\"ListItem\",\"position\":2,\"name\":\"Events\",\"item\":\"https:\/\/importanne.ba\/events\/\"},{\"@type\":\"ListItem\",\"position\":3,\"name\":\"CM Shop Fest \u2013 svakog Petka\"}]},{\"@type\":\"WebSite\",\"@id\":\"https:\/\/importanne.ba\/#website\",\"url\":\"https:\/\/importanne.ba\/\",\"name\":\"Importanne Centar\",\"description\":\"Centar modernog \u017eivljenja\",\"publisher\":{\"@id\":\"https:\/\/importanne.ba\/#organization\"},\"potentialAction\":[{\"@type\":\"SearchAction\",\"target\":{\"@type\":\"EntryPoint\",\"urlTemplate\":\"https:\/\/importanne.ba\/?s={search_term_string}\"},\"query-input\":\"required name=search_term_string\"}],\"inLanguage\":\"en-GB\"},{\"@type\":\"Organization\",\"@id\":\"https:\/\/importanne.ba\/#organization\",\"name\":\"Importanne Centar\",\"url\":\"https:\/\/importanne.ba\/\",\"logo\":{\"@type\":\"ImageObject\",\"inLanguage\":\"en-GB\",\"@id\":\"https:\/\/importanne.ba\/#\/schema\/logo\/image\/\",\"url\":\"https:\/\/importanne.ba\/wp-content\/uploads\/2023\/08\/logo_footer.png\",\"contentUrl\":\"https:\/\/importanne.ba\/wp-content\/uploads\/2023\/08\/logo_footer.png\",\"width\":573,\"height\":598,\"caption\":\"Importanne Centar\"},\"image\":{\"@id\":\"https:\/\/importanne.ba\/#\/schema\/logo\/image\/\"},\"sameAs\":[\"https:\/\/www.facebook.com\/importannesarajevo\/\",\"https:\/\/www.instagram.com\/importanne_centar\/\"]}]}<\/script>\n<!-- \/ Yoast SEO plugin. -->","yoast_head_json":{"title":"CM Shop Fest \u2013 svakog Petka - Importanne Centar","robots":{"index":"index","follow":"follow","max-snippet":"max-snippet:-1","max-image-preview":"max-image-preview:large","max-video-preview":"max-video-preview:-1"},"canonical":"https:\/\/importanne.ba\/en\/events\/cm-shop-fest-svakog-petka\/","og_locale":"en_GB","og_type":"article","og_title":"CM Shop Fest \u2013 svakog Petka - Importanne Centar","og_description":"Slavimo dobre cijene! #ShopFest\u00a0u cm-u je mali festival shoppingiranja, a potom na \u0161pici promoviranja! Doma idemo sa usnama razvu\u010denim u \u0161iroki osmijeh! Posjeti CM u Importanne Centru u periodu od 7.9. do 9.9.2023. kada traje cm ShopFest!","og_url":"https:\/\/importanne.ba\/en\/events\/cm-shop-fest-svakog-petka\/","og_site_name":"Importanne Centar","article_publisher":"https:\/\/www.facebook.com\/importannesarajevo\/","article_modified_time":"2023-09-06T11:16:45+00:00","og_image":[{"width":1200,"height":628,"url":"https:\/\/importanne.ba\/wp-content\/uploads\/2023\/08\/375470745_694771829357173_526321439966674157_n-1.jpg","type":"image\/jpeg"}],"twitter_card":"summary_large_image","schema":{"@context":"https:\/\/schema.org","@graph":[{"@type":"WebPage","@id":"https:\/\/importanne.ba\/events\/cm-shop-fest-svakog-petka\/","url":"https:\/\/importanne.ba\/events\/cm-shop-fest-svakog-petka\/","name":"CM Shop Fest \u2013 svakog Petka - Importanne Centar","isPartOf":{"@id":"https:\/\/importanne.ba\/#website"},"datePublished":"2023-08-25T11:10:29+00:00","dateModified":"2023-09-06T11:16:45+00:00","breadcrumb":{"@id":"https:\/\/importanne.ba\/events\/cm-shop-fest-svakog-petka\/#breadcrumb"},"inLanguage":"en-GB","potentialAction":[{"@type":"ReadAction","target":["https:\/\/importanne.ba\/events\/cm-shop-fest-svakog-petka\/"]}]},{"@type":"BreadcrumbList","@id":"https:\/\/importanne.ba\/events\/cm-shop-fest-svakog-petka\/#breadcrumb","itemListElement":[{"@type":"ListItem","position":1,"name":"Home","item":"https:\/\/importanne.ba\/"},{"@type":"ListItem","position":2,"name":"Events","item":"https:\/\/importanne.ba\/events\/"},{"@type":"ListItem","position":3,"name":"CM Shop Fest \u2013 svakog Petka"}]},{"@type":"WebSite","@id":"https:\/\/importanne.ba\/#website","url":"https:\/\/importanne.ba\/","name":"Importanne Centar","description":"Centar modernog \u017eivljenja","publisher":{"@id":"https:\/\/importanne.ba\/#organization"},"potentialAction":[{"@type":"SearchAction","target":{"@type":"EntryPoint","urlTemplate":"https:\/\/importanne.ba\/?s={search_term_string}"},"query-input":"required name=search_term_string"}],"inLanguage":"en-GB"},{"@type":"Organization","@id":"https:\/\/importanne.ba\/#organization","name":"Importanne Centar","url":"https:\/\/importanne.ba\/","logo":{"@type":"ImageObject","inLanguage":"en-GB","@id":"https:\/\/importanne.ba\/#\/schema\/logo\/image\/","url":"https:\/\/importanne.ba\/wp-content\/uploads\/2023\/08\/logo_footer.png","contentUrl":"https:\/\/importanne.ba\/wp-content\/uploads\/2023\/08\/logo_footer.png","width":573,"height":598,"caption":"Importanne Centar"},"image":{"@id":"https:\/\/importanne.ba\/#\/schema\/logo\/image\/"},"sameAs":["https:\/\/www.facebook.com\/importannesarajevo\/","https:\/\/www.instagram.com\/importanne_centar\/"]}]}},"_links":{"self":[{"href":"https:\/\/importanne.ba\/en\/wp-json\/wp\/v2\/mec-events\/253","targetHints":{"allow":["GET"]}}],"collection":[{"href":"https:\/\/importanne.ba\/en\/wp-json\/wp\/v2\/mec-events"}],"about":[{"href":"https:\/\/importanne.ba\/en\/wp-json\/wp\/v2\/types\/mec-events"}],"author":[{"embeddable":true,"href":"https:\/\/importanne.ba\/en\/wp-json\/wp\/v2\/users\/1"}],"replies":[{"embeddable":true,"href":"https:\/\/importanne.ba\/en\/wp-json\/wp\/v2\/comments?post=253"}],"version-history":[{"count":5,"href":"https:\/\/importanne.ba\/en\/wp-json\/wp\/v2\/mec-events\/253\/revisions"}],"predecessor-version":[{"id":1610,"href":"https:\/\/importanne.ba\/en\/wp-json\/wp\/v2\/mec-events\/253\/revisions\/1610"}],"wp:featuredmedia":[{"embeddable":true,"href":"https:\/\/importanne.ba\/en\/wp-json\/wp\/v2\/media\/1608"}],"wp:attachment":[{"href":"https:\/\/importanne.ba\/en\/wp-json\/wp\/v2\/media?parent=253"}],"wp:term":[{"taxonomy":"post_tag","embeddable":true,"href":"https:\/\/importanne.ba\/en\/wp-json\/wp\/v2\/tags?post=253"},{"taxonomy":"mec_category","embeddable":true,"href":"https:\/\/importanne.ba\/en\/wp-json\/wp\/v2\/mec_category?post=253"}],"curies":[{"name":"wp","href":"https:\/\/api.w.org\/{rel}","templated":true}]}}

<p>Slavimo dobre cijene!</p>
<p><a href="https://www.facebook.com/hashtag/shopfest?__eep__=6&amp;__cft__%5b0%5d=AZU3VG0esdsH9j0riC4hIK94w19uHY0SJ9maikFRbPiPGS8Jnj7ZG4RxzxCvXLkanQKDYkuSsKQXetpbp46m6LdMcRUE_L6U6vrBCR1d9zRgkGc7iQmdi2x-o-jQYSa-dxM&amp;__tn__=q" target="_blank" rel="noopener" data-saferedirecturl="https://www.google.com/url?q=https://www.facebook.com/hashtag/shopfest?__eep__%3D6%26__cft__%255b0%255d%3DAZU3VG0esdsH9j0riC4hIK94w19uHY0SJ9maikFRbPiPGS8Jnj7ZG4RxzxCvXLkanQKDYkuSsKQXetpbp46m6LdMcRUE_L6U6vrBCR1d9zRgkGc7iQmdi2x-o-jQYSa-dxM%26__tn__%3Dq&amp;source=gmail&amp;ust=1694084513576000&amp;usg=AOvVaw2KkUOb4I_aeSeFWDDmADVq"><strong>#ShopFest</strong></a> u cm-u je mali festival shoppingiranja, a potom na špici promoviranja!</p>
<p>Doma idemo sa usnama razvučenim u široki osmijeh! Posjeti CM u Importanne Centru u periodu od 7.9. do 9.9.2023. kada traje cm ShopFest!</p>

<p>Slavimo dobre cijene! #ShopFest u cm-u je mali festival shoppingiranja, a potom na špici promoviranja! Doma idemo sa usnama razvučenim u široki osmijeh! Posjeti CM u Importanne Centru u periodu od 7.9. do 9.9.2023. kada traje cm ShopFest!</p>

<!-- This site is optimized with the Yoast SEO plugin v21.2 - https://yoast.com/wordpress/plugins/seo/ -->
<title>CM Shop Fest – svakog Petka - Importanne Centar</title>
<meta name="robots" content="index, follow, max-snippet:-1, max-image-preview:large, max-video-preview:-1" />
<link rel="canonical" href="https://importanne.ba/en/events/cm-shop-fest-svakog-petka/" />
<meta property="og:locale" content="en_GB" />
<meta property="og:type" content="article" />
<meta property="og:title" content="CM Shop Fest – svakog Petka - Importanne Centar" />
<meta property="og:description" content="Slavimo dobre cijene! #ShopFest u cm-u je mali festival shoppingiranja, a potom na špici promoviranja! Doma idemo sa usnama razvučenim u široki osmijeh! Posjeti CM u Importanne Centru u periodu od 7.9. do 9.9.2023. kada traje cm ShopFest!" />
<meta property="og:url" content="https://importanne.ba/en/events/cm-shop-fest-svakog-petka/" />
<meta property="og:site_name" content="Importanne Centar" />
<meta property="article:publisher" content="https://www.facebook.com/importannesarajevo/" />
<meta property="article:modified_time" content="2023-09-06T11:16:45+00:00" />
<meta property="og:image" content="https://importanne.ba/wp-content/uploads/2023/08/375470745_694771829357173_526321439966674157_n-1.jpg" />
	<meta property="og:image:width" content="1200" />
	<meta property="og:image:height" content="628" />
	<meta property="og:image:type" content="image/jpeg" />
<meta name="twitter:card" content="summary_large_image" />
<script type="application/ld+json" class="yoast-schema-graph">{"@context":"https://schema.org","@graph":[{"@type":"WebPage","@id":"https://importanne.ba/events/cm-shop-fest-svakog-petka/","url":"https://importanne.ba/events/cm-shop-fest-svakog-petka/","name":"CM Shop Fest – svakog Petka - Importanne Centar","isPartOf":{"@id":"https://importanne.ba/#website"},"datePublished":"2023-08-25T11:10:29+00:00","dateModified":"2023-09-06T11:16:45+00:00","breadcrumb":{"@id":"https://importanne.ba/events/cm-shop-fest-svakog-petka/#breadcrumb"},"inLanguage":"en-GB","potentialAction":[{"@type":"ReadAction","target":["https://importanne.ba/events/cm-shop-fest-svakog-petka/"]}]},{"@type":"BreadcrumbList","@id":"https://importanne.ba/events/cm-shop-fest-svakog-petka/#breadcrumb","itemListElement":[{"@type":"ListItem","position":1,"name":"Home","item":"https://importanne.ba/"},{"@type":"ListItem","position":2,"name":"Events","item":"https://importanne.ba/events/"},{"@type":"ListItem","position":3,"name":"CM Shop Fest – svakog Petka"}]},{"@type":"WebSite","@id":"https://importanne.ba/#website","url":"https://importanne.ba/","name":"Importanne Centar","description":"Centar modernog življenja","publisher":{"@id":"https://importanne.ba/#organization"},"potentialAction":[{"@type":"SearchAction","target":{"@type":"EntryPoint","urlTemplate":"https://importanne.ba/?s={search_term_string}"},"query-input":"required name=search_term_string"}],"inLanguage":"en-GB"},{"@type":"Organization","@id":"https://importanne.ba/#organization","name":"Importanne Centar","url":"https://importanne.ba/","logo":{"@type":"ImageObject","inLanguage":"en-GB","@id":"https://importanne.ba/#/schema/logo/image/","url":"https://importanne.ba/wp-content/uploads/2023/08/logo_footer.png","contentUrl":"https://importanne.ba/wp-content/uploads/2023/08/logo_footer.png","width":573,"height":598,"caption":"Importanne Centar"},"image":{"@id":"https://importanne.ba/#/schema/logo/image/"},"sameAs":["https://www.facebook.com/importannesarajevo/","https://www.instagram.com/importanne_centar/"]}]}</script>
<!-- / Yoast SEO plugin. -->

Slavimo dobre cijene! #ShopFest u cm-u je mali festival shoppingiranja, a potom na špici promoviranja! Doma idemo sa usnama razvučenim u široki osmijeh! Posjeti CM u Importanne Centru u periodu od 7.9. do 9.9.2023. kada traje cm ShopFest!

Centar modernog življenja
